{"id":946,"date":"2022-06-22T14:39:59","date_gmt":"2022-06-22T14:39:59","guid":{"rendered":"https:\/\/planthemmet.se\/?page_id=946"},"modified":"2022-06-22T14:52:48","modified_gmt":"2022-06-22T14:52:48","slug":"integritetspolicy-cookies","status":"publish","type":"page","link":"https:\/\/planthemmet.se\/index.php\/integritetspolicy-cookies\/","title":{"rendered":"Integritetspolicy &#038; Cookies"},"content":{"rendered":"\n\n\t\t<h1>\n\t\t\tIntegritetspolicy &#038; Cookies\n\t\t<\/h1>\n\t\t<h2>\n\t\t\tVad \u00e4r cookies?\n\t\t<\/h2>\n\t<p>Cookies \u00e4r sm\u00e5 textfiler som hemsidan lagrar p\u00e5 din dator. Cookien skickar sedan tillbaka information till oss eller en tredje part. En tredje part kan t.ex. vara sociala medier och annons- och analysf\u00f6retag. Vilken typ av information som skickas beror p\u00e5 vilken cookie det \u00e4r.<\/p>\n<p><strong>Strikta cookies eller sessionscookies:<\/strong> Cookies som beh\u00f6vs f\u00f6r att hemsidan ska fungera. Den h\u00e4r typen av cookies f\u00f6rsvinner n\u00e4r du st\u00e4nger din webbl\u00e4sare eller enhet.<\/p>\n<p><strong>Funktionalitetscookies eller varaktiga cookies:<\/strong> Cookies som anv\u00e4nds f\u00f6r att g\u00f6ra det enklare att anv\u00e4nda hemsidan s\u00e5 att du t.ex. inte beh\u00f6ver g\u00f6ra samma inst\u00e4llningar igen.<\/p>\n<p><strong>Analytiska cookies eller tredjepartscookies:<\/strong> Cookies som anv\u00e4nds f\u00f6r att analysera hur bes\u00f6kare anv\u00e4nder hemsidan t.ex. hur m\u00e5nga som bes\u00f6ker en viss sida eller hur l\u00e4nge de \u00e4r inne p\u00e5 hemsidan. Google Analytics samlar in information och rapporterar anv\u00e4ndningsstatistik f\u00f6r webbsidor utan att personligen identifiera enskilda bes\u00f6kare p\u00e5 Google.<\/p>\n<p>Du kan l\u00e4sa mer om <a href=\"https:\/\/policies.google.com\/privacy?hl=sv\">Googles integritetsregler h\u00e4r<\/a>.<\/p>\n<p>Om du inte vill att dina bes\u00f6k p\u00e5 denna webbplats ska visas i statistiken i Google Analytics finns det ett till\u00e4gg som du kan installera i din webbl\u00e4sare. Till\u00e4gget h\u00e4mtar du p\u00e5 Googles webbplats.<\/p>\n\t\t<h2>\n\t\t\tVi anv\u00e4nder f\u00f6ljande cookies:\n\t\t<\/h2>\n\t<p><strong>Strikta cookies:<\/strong> F\u00f6r att sidan ska fungera.<\/p>\n<p><strong>Analytiska cookies:<\/strong> Google Anlytics<\/p>\n<p>Du hittar en fullst\u00e4ndig lista p\u00e5 alla cookies under fliken &#8221;Hantera cookies&#8221;<\/p>\n\t\t<h2>\n\t\t\tSt\u00e4ng av cookies\n\t\t<\/h2>\n\t<p>Du kan surfa utan cookies genom att du \u00e4ndra inst\u00e4llningarna l\u00e4ngst ner p\u00e5 sidan under fliken &#8221;Hantera cookies&#8221;. Du kan ocks\u00e5 g\u00f6ra en inst\u00e4llning direkt i din webbl\u00e4sare.<\/p>\n<p>OBS! Om du v\u00e4ljer att surfa utan cookies kanske vissa funktioner p\u00e5 hemsidan inte l\u00e4ngre fungerar. F\u00f6r att ta bort cookies: se hj\u00e4lpdokumentationen f\u00f6r din aktuella webbl\u00e4sare:<\/p>\n<ul>\n<li><a href=\"https:\/\/support.google.com\/chrome\/answer\/95647?hl=en\">Google Chrome<\/a><\/li>\n<li><a href=\"https:\/\/support.microsoft.com\/en-us\/kb\/260971\">Internet Explorer<\/a><\/li>\n<li><a href=\"https:\/\/support.mozilla.org\/en-US\/kb\/cookies-information-websites-store-on-your-computer\">Mozilla Firefox<\/a><\/li>\n<li><a href=\"https:\/\/support.apple.com\/kb\/PH5042?locale=en_US\">Safari (dator)<\/a><\/li>\n<li><a href=\"https:\/\/support.apple.com\/en-us\/HT201265\">Safari (mobil)<\/a><\/li>\n<li><a href=\"http:\/\/support.google.com\/ics\/nexus\/bin\/answer.py?hl=en&amp;answer=2425067\">Webbl\u00e4sare Android<\/a><\/li>\n<li><a href=\"http:\/\/www.opera.com\/help\">Opera<\/a><\/li>\n<li><a href=\"http:\/\/www.opera.com\/help\/mobile\/android#privacy\">Opera (mobil)<\/a><\/li>\n<\/ul>\n\n","protected":false},"excerpt":{"rendered":"<p>Integritetspolicy &#038; Cookies Vad \u00e4r cookies? Cookies \u00e4r sm\u00e5 textfiler som hemsidan lagrar p\u00e5 din dator. Cookien skickar sedan tillbaka information till oss eller en tredje part. En tredje part kan t.ex. vara sociala medier och annons- och analysf\u00f6retag. Vilken typ av information som skickas beror p\u00e5 vilken cookie det \u00e4r. Strikta cookies eller sessionscookies: &#8230; <a title=\"Integritetspolicy &#038; Cookies\" class=\"read-more\" href=\"https:\/\/planthemmet.se\/index.php\/integritetspolicy-cookies\/\" aria-label=\"L\u00e4s mer om Integritetspolicy &#038; Cookies\">L\u00e4s mer<\/a><\/p>\n","protected":false},"author":1,"featured_media":0,"parent":0,"menu_order":0,"comment_status":"closed","ping_status":"closed","template":"","meta":{"footnotes":""},"class_list":["post-946","page","type-page","status-publish"],"yoast_head":"<!-- This site is optimized with the Yoast SEO plugin v27.4 - https:\/\/yoast.com\/product\/yoast-seo-wordpress\/ -->\n<title>Integritetspolicy &amp; Cookies - Planthemmet<\/title>\n<meta name=\"robots\" content=\"index, follow, max-snippet:-1, max-image-preview:large, max-video-preview:-1\" \/>\n<link rel=\"canonical\" href=\"https:\/\/planthemmet.se\/index.php\/integritetspolicy-cookies\/\" \/>\n<meta property=\"og:locale\" content=\"sv_SE\" \/>\n<meta property=\"og:type\" content=\"article\" \/>\n<meta property=\"og:title\" content=\"Integritetspolicy &amp; Cookies - Planthemmet\" \/>\n<meta property=\"og:description\" content=\"Integritetspolicy &#038; Cookies Vad \u00e4r cookies? Cookies \u00e4r sm\u00e5 textfiler som hemsidan lagrar p\u00e5 din dator. Cookien skickar sedan tillbaka information till oss eller en tredje part. En tredje part kan t.ex. vara sociala medier och annons- och analysf\u00f6retag. Vilken typ av information som skickas beror p\u00e5 vilken cookie det \u00e4r. Strikta cookies eller sessionscookies: ... L\u00e4s mer\" \/>\n<meta property=\"og:url\" content=\"https:\/\/planthemmet.se\/index.php\/integritetspolicy-cookies\/\" \/>\n<meta property=\"og:site_name\" content=\"Planthemmet\" \/>\n<meta property=\"article:publisher\" content=\"https:\/\/m.facebook.com\/Planthemmet\" \/>\n<meta property=\"article:modified_time\" content=\"2022-06-22T14:52:48+00:00\" \/>\n<meta name=\"twitter:card\" content=\"summary_large_image\" \/>\n<meta name=\"twitter:label1\" content=\"Ber\u00e4knad l\u00e4stid\" \/>\n\t<meta name=\"twitter:data1\" content=\"2 minuter\" \/>\n<script type=\"application\/ld+json\" class=\"yoast-schema-graph\">{\"@context\":\"https:\\\/\\\/schema.org\",\"@graph\":[{\"@type\":\"WebPage\",\"@id\":\"https:\\\/\\\/planthemmet.se\\\/index.php\\\/integritetspolicy-cookies\\\/\",\"url\":\"https:\\\/\\\/planthemmet.se\\\/index.php\\\/integritetspolicy-cookies\\\/\",\"name\":\"Integritetspolicy & Cookies - Planthemmet\",\"isPartOf\":{\"@id\":\"https:\\\/\\\/planthemmet.se\\\/#website\"},\"datePublished\":\"2022-06-22T14:39:59+00:00\",\"dateModified\":\"2022-06-22T14:52:48+00:00\",\"breadcrumb\":{\"@id\":\"https:\\\/\\\/planthemmet.se\\\/index.php\\\/integritetspolicy-cookies\\\/#breadcrumb\"},\"inLanguage\":\"sv-SE\",\"potentialAction\":[{\"@type\":\"ReadAction\",\"target\":[\"https:\\\/\\\/planthemmet.se\\\/index.php\\\/integritetspolicy-cookies\\\/\"]}]},{\"@type\":\"BreadcrumbList\",\"@id\":\"https:\\\/\\\/planthemmet.se\\\/index.php\\\/integritetspolicy-cookies\\\/#breadcrumb\",\"itemListElement\":[{\"@type\":\"ListItem\",\"position\":1,\"name\":\"Hem\",\"item\":\"https:\\\/\\\/planthemmet.se\\\/\"},{\"@type\":\"ListItem\",\"position\":2,\"name\":\"Integritetspolicy &#038; Cookies\"}]},{\"@type\":\"WebSite\",\"@id\":\"https:\\\/\\\/planthemmet.se\\\/#website\",\"url\":\"https:\\\/\\\/planthemmet.se\\\/\",\"name\":\"Planthemmet\",\"description\":\"Fannys gr\u00f6na h\u00f6rna\",\"publisher\":{\"@id\":\"https:\\\/\\\/planthemmet.se\\\/#organization\"},\"potentialAction\":[{\"@type\":\"SearchAction\",\"target\":{\"@type\":\"EntryPoint\",\"urlTemplate\":\"https:\\\/\\\/planthemmet.se\\\/?s={search_term_string}\"},\"query-input\":{\"@type\":\"PropertyValueSpecification\",\"valueRequired\":true,\"valueName\":\"search_term_string\"}}],\"inLanguage\":\"sv-SE\"},{\"@type\":\"Organization\",\"@id\":\"https:\\\/\\\/planthemmet.se\\\/#organization\",\"name\":\"Planthemmet\",\"url\":\"https:\\\/\\\/planthemmet.se\\\/\",\"logo\":{\"@type\":\"ImageObject\",\"inLanguage\":\"sv-SE\",\"@id\":\"https:\\\/\\\/planthemmet.se\\\/#\\\/schema\\\/logo\\\/image\\\/\",\"url\":\"https:\\\/\\\/planthemmet.se\\\/wp-content\\\/uploads\\\/2022\\\/05\\\/Planthemmet-logo.png\",\"contentUrl\":\"https:\\\/\\\/planthemmet.se\\\/wp-content\\\/uploads\\\/2022\\\/05\\\/Planthemmet-logo.png\",\"width\":200,\"height\":200,\"caption\":\"Planthemmet\"},\"image\":{\"@id\":\"https:\\\/\\\/planthemmet.se\\\/#\\\/schema\\\/logo\\\/image\\\/\"},\"sameAs\":[\"https:\\\/\\\/m.facebook.com\\\/Planthemmet\",\"https:\\\/\\\/www.instagram.com\\\/planthemmet\"]}]}<\/script>\n<!-- \/ Yoast SEO plugin. -->","yoast_head_json":{"title":"Integritetspolicy & Cookies - Planthemmet","robots":{"index":"index","follow":"follow","max-snippet":"max-snippet:-1","max-image-preview":"max-image-preview:large","max-video-preview":"max-video-preview:-1"},"canonical":"https:\/\/planthemmet.se\/index.php\/integritetspolicy-cookies\/","og_locale":"sv_SE","og_type":"article","og_title":"Integritetspolicy & Cookies - Planthemmet","og_description":"Integritetspolicy &#038; Cookies Vad \u00e4r cookies? Cookies \u00e4r sm\u00e5 textfiler som hemsidan lagrar p\u00e5 din dator. Cookien skickar sedan tillbaka information till oss eller en tredje part. En tredje part kan t.ex. vara sociala medier och annons- och analysf\u00f6retag. Vilken typ av information som skickas beror p\u00e5 vilken cookie det \u00e4r. Strikta cookies eller sessionscookies: ... L\u00e4s mer","og_url":"https:\/\/planthemmet.se\/index.php\/integritetspolicy-cookies\/","og_site_name":"Planthemmet","article_publisher":"https:\/\/m.facebook.com\/Planthemmet","article_modified_time":"2022-06-22T14:52:48+00:00","twitter_card":"summary_large_image","twitter_misc":{"Ber\u00e4knad l\u00e4stid":"2 minuter"},"schema":{"@context":"https:\/\/schema.org","@graph":[{"@type":"WebPage","@id":"https:\/\/planthemmet.se\/index.php\/integritetspolicy-cookies\/","url":"https:\/\/planthemmet.se\/index.php\/integritetspolicy-cookies\/","name":"Integritetspolicy & Cookies - Planthemmet","isPartOf":{"@id":"https:\/\/planthemmet.se\/#website"},"datePublished":"2022-06-22T14:39:59+00:00","dateModified":"2022-06-22T14:52:48+00:00","breadcrumb":{"@id":"https:\/\/planthemmet.se\/index.php\/integritetspolicy-cookies\/#breadcrumb"},"inLanguage":"sv-SE","potentialAction":[{"@type":"ReadAction","target":["https:\/\/planthemmet.se\/index.php\/integritetspolicy-cookies\/"]}]},{"@type":"BreadcrumbList","@id":"https:\/\/planthemmet.se\/index.php\/integritetspolicy-cookies\/#breadcrumb","itemListElement":[{"@type":"ListItem","position":1,"name":"Hem","item":"https:\/\/planthemmet.se\/"},{"@type":"ListItem","position":2,"name":"Integritetspolicy &#038; Cookies"}]},{"@type":"WebSite","@id":"https:\/\/planthemmet.se\/#website","url":"https:\/\/planthemmet.se\/","name":"Planthemmet","description":"Fannys gr\u00f6na h\u00f6rna","publisher":{"@id":"https:\/\/planthemmet.se\/#organization"},"potentialAction":[{"@type":"SearchAction","target":{"@type":"EntryPoint","urlTemplate":"https:\/\/planthemmet.se\/?s={search_term_string}"},"query-input":{"@type":"PropertyValueSpecification","valueRequired":true,"valueName":"search_term_string"}}],"inLanguage":"sv-SE"},{"@type":"Organization","@id":"https:\/\/planthemmet.se\/#organization","name":"Planthemmet","url":"https:\/\/planthemmet.se\/","logo":{"@type":"ImageObject","inLanguage":"sv-SE","@id":"https:\/\/planthemmet.se\/#\/schema\/logo\/image\/","url":"https:\/\/planthemmet.se\/wp-content\/uploads\/2022\/05\/Planthemmet-logo.png","contentUrl":"https:\/\/planthemmet.se\/wp-content\/uploads\/2022\/05\/Planthemmet-logo.png","width":200,"height":200,"caption":"Planthemmet"},"image":{"@id":"https:\/\/planthemmet.se\/#\/schema\/logo\/image\/"},"sameAs":["https:\/\/m.facebook.com\/Planthemmet","https:\/\/www.instagram.com\/planthemmet"]}]}},"jetpack_sharing_enabled":true,"_links":{"self":[{"href":"https:\/\/planthemmet.se\/index.php\/wp-json\/wp\/v2\/pages\/946","targetHints":{"allow":["GET"]}}],"collection":[{"href":"https:\/\/planthemmet.se\/index.php\/wp-json\/wp\/v2\/pages"}],"about":[{"href":"https:\/\/planthemmet.se\/index.php\/wp-json\/wp\/v2\/types\/page"}],"author":[{"embeddable":true,"href":"https:\/\/planthemmet.se\/index.php\/wp-json\/wp\/v2\/users\/1"}],"replies":[{"embeddable":true,"href":"https:\/\/planthemmet.se\/index.php\/wp-json\/wp\/v2\/comments?post=946"}],"version-history":[{"count":4,"href":"https:\/\/planthemmet.se\/index.php\/wp-json\/wp\/v2\/pages\/946\/revisions"}],"predecessor-version":[{"id":950,"href":"https:\/\/planthemmet.se\/index.php\/wp-json\/wp\/v2\/pages\/946\/revisions\/950"}],"wp:attachment":[{"href":"https:\/\/planthemmet.se\/index.php\/wp-json\/wp\/v2\/media?parent=946"}],"curies":[{"name":"wp","href":"https:\/\/api.w.org\/{rel}","templated":true}]}}